 5 - 9*c**2 - 2*c + 1. Is p(-5) a composite number?
False
Suppose 3*j = 0, -j = -3*n - 0*j + 6186. Is n prime?
False
Let t = -52272 + 82169. Is t composite?
True
Suppose 2*t = -8, 3*f - t + 14 = -6*t. Suppose 5*h = -5*d + 330, 2*d + 126 = f*h + 10. Is h a composite number?
True
Is (116 - 0) + (21 - 28) composite?
False
Suppose -17 - 3 = -4*o, 0 = -5*i - o + 30. Let c = -417 + 942. Suppose 200 + c = i*u. Is u a composite number?
True
Let a(q) be the first derivative of -q**4/2 + q**3 + 2*q + 5. Let b be a(-3). Let v = b + 0. Is v composite?
False
Let u = 16225 + -518. Is u composite?
True
Is (-30)/(-75) + 468264/15 + 1 composite?
False
Suppose -2*u + 4 = -0. Suppose -4*b + 2*x + 18 = 0, b + 0*b + 1 = -5*x. Suppose 3*c - 1141 = -f, 0 = -u*c - 3*c + b*f + 1879. Is c prime?
True
Let z(u) = u**2 - 104*u - 28. Is z(-47) a composite number?
False
Let p(v) = -3*v - 2. Let d(g) = -g**2 - 8*g - 1. Let q be d(-5). Let i be (-116)/q - (-2)/7. Is p(i) composite?
True
Is 6*718*(15/(-12))/(-5) a prime number?
False
Let d(a) = 600*a**2 + 5*a + 5. Let f be d(-2). Suppose -2*v - 3*v = -f. Is v prime?
True
Suppose -7*f = 2*f + 2664. Suppose 2*t + 20 - 1586 = 0. Let z = t + f. Is z a prime number?
True
Suppose m + 5*p = -335, 3*p - 295 = m - 2*p. Let y(b) = b**2 + 4*b + 1. Let x be y(-4). Is (x + m)/(0 + -2) a composite number?
False
Let v(p) = -897*p - 1. Let m be v(-2). Let t be 4/16 - 23245/20. Let z = t + m. Is z composite?
False
Let u = -6322 - -12531. Is u a prime number?
False
Let o = -394 + 238. Let w = 391 - o. Is w prime?
True
Let c(q) = 1 + 322*q**2 + 212*q**2 - 125*q**2. Let g be c(-1). Suppose -z = -v - 2*v - g, -5*v = -z + 408. Is z composite?
True
Let j(b) be the second derivative of -3*b**5/20 - b**4/12 + 2*b**3/3 - b**2/2 + b. Suppose 0 = -6*q + 7 - 43. Is j(q) composite?
False
Let h(n) = -n**3 - 3*n**2 + 18*n + 7. Let x be h(-7). Suppose 0 = -2*s + x + 185. Is s prime?
True
Suppose -3*z - 2 - 4 = 0, -3*a = z - 19. Let p = 12 - a. Suppose 484 = 2*k - p*f, -3*k - 2*f - 2*f = -749. Is k prime?
False
Let d(c) = -45*c**2 + 5*c - 47. Let w be d(-12). Let k = w + 11544. Is k a composite number?
False
Let o(x) = -339*x**3 - 2*x**2 - 17. Is o(-4) a composite number?
False
Let o(d) = -d**3 - 5*d**2 + 2*d - 7. Suppose 5*i = -4*a - 42, -6 = a - 2*i - 2. Let b = 1 + a. Is o(b) prime?
False
Let r(f) = 4*f**2 - 2*f + 2. Let q be r(1). Suppose h - q*t - 475 = 0, -h + 4*h = t + 1436. Is h a prime number?
True
Suppose -4*p = -5*q - 88, -p - 5*q - 5 = -2. Let i = 19 - p. Suppose 0*f = i*f - 238. Is f composite?
True
Suppose 0 = -5*h + 15, -5*w + 1592 = 3*h - 5822. Is w composite?
False
Suppose 2*s - 3 = -13. Is 26*(2/s - (-2690)/100) a prime number?
False
Suppose -108 = 7*j - 9*j. Suppose 8*n - 478 = -j. Is n a composite number?
False
Let m = 7847 + -4712. Suppose -3*l - 2*l + m = 0. Suppose -4*d - 311 + 1143 = 4*t, 3*d + 4*t - l = 0. Is d composite?
True
Is (-155)/25 + 6 - 3456/(-5) prime?
True
Let h(a) = 97*a**2 + 6*a - 2. Let n be h(-5). Suppose -n = -4*b + 1203. Let g = b - 546. Is g composite?
False
Let y = -77916 + 117961. Is y a composite number?
True
Let a(c) = 48*c**2 - c - 3. Let u be 3/(12/(-28)) - -3. Let h be a(u). Suppose 5*g = -154 + h. Is g a prime number?
False
Let u = -739 + 671. Let b = -109 + -12. Let w = u - b. Is w a composite number?
False
Let l(w) = 77*w**2 + 17*w - 7. Is l(3) prime?
False
Suppose 5*l - 3*g - 29071 = 0, 4*g - 447 - 16984 = -3*l. Is l a prime number?
True
Let g be 5 + 1 - (6 + -6). Let o be 1082/(-12) + 1/g. Let u = 245 + o. Is u a prime number?
False
Let k be -8 + 213/27 + (-28)/(-9). Let m = 417 - -299. Suppose -d = k*d - m. Is d prime?
True
Let b = 18 - 29. Let g = -1 + b. Is 172/g*15*-1 a prime number?
False
Let k be (4/(-14))/(3/(-21)). Let n be 500/40 + k/(-4). Is (-5 + 3)*n/(-8) composite?
False
Let f = 11869 - 6782. Is f a prime number?
True
Let h = 8 - 0. Let x = 14 - h. Let a(l) = 3*l + 5. Is a(x) composite?
False
Let f(k) = k**2 + 2*k + 5. Suppose -5*a = -4*a + 11. Let h be f(a). Suppose h = c + 1. Is c composite?
False
Let q(j) = -j**3 + 17*j**2 + 8*j - 7. Let k(s) = s**3 - 4*s**2 + 4*s - 1. Let f be k(4). Is q(f) a prime number?
True
Is (17513/2 + 3)*(-24)/(-12) a prime number?
True
Let c = 520 - 728. Let n = c - -103. Let z = n + 152. Is z composite?
False
Let f(n) = -2*n**2 + 7 + 16*n**2 + 7*n + 0*n**2 + 3*n. Is f(-6) a prime number?
False
Suppose 5*q + 3 = 23. Suppose -4*i - 262 = -l, -q*l + 5*i = 4*i - 1018. Is l prime?
False
Suppose -4*b = -656 - 140. Let i = b - -72. Is i a composite number?
False
Is 1*(-2)/10*(-13 + -4182) prime?
True
Suppose 0*x + x = -131. Let v = x + 454. Is v composite?
True
Let y be (-44)/(-12) - 4/(-12). Suppose -9*x = -y*x - 1970. Is x a composite number?
True
Suppose 9*h - 861044 - 53725 = 0. Is h prime?
True
Let m = 41 + -16. Suppose 21*y + 7604 = m*y. Is y a prime number?
True
Let n = 379 + -1645. Let g = 1901 + n. Is g a composite number?
True
Suppose -2*k = -3230 - 1894. Suppose -g + 3*f + 644 = 0, -2*f + k = 4*g - 0*f. Is g prime?
True
Let t(g) = 8*g**2 + g + 1. Suppose m = -3*j - 18, -5*m + j + 4*j = 10. Let a be t(m). Suppose 0 = 4*w + a - 2951. Is w a composite number?
True
Let p(m) = -1263*m - 29. Is p(-2) prime?
False
Suppose -2*k = k - 981. Let m = k - 113. Is m a prime number?
False
Suppose -3*s + 6070 = -s. Is s a composite number?
True
Is (-4 - 4*18/(-24))*-4327 composite?
False
Let v(t) = 2*t**2 + 7*t + 13. Suppose 10*z = -59 + 259. Is v(z) prime?
True
Suppose -2 = -3*q + 7. Is (q/(-4))/(6/(-4))*10514 composite?
True
Suppose -4*r - 21*g = -18*g - 55739, 0 = 2*r - 2*g - 27852. Is r a prime number?
True
Suppose 22 = -2*o + 4*o. Let d = o - 10. Is ((-4)/6)/(d/(-57)) a prime number?
False
Let i be 4231/3 - 8/(-12). Is -2 - (-3 - -2)*i prime?
True
Let y = 20 + -16. Suppose -4*v = -y*o - 24, -3*v + 14 = 3*o - 5*o. Let l(r) = -7*r**3 + 3*r**2 - 3. Is l(o) a composite number?
True
Suppose -3*p = 5*k - 2*k + 3, 0 = p + 4*k + 13. Suppose j - 6*j + 478 = 3*s, 5*s - 802 = -p*j. Is s prime?
False
Let h = 35007 + -3502. Is h prime?
False
Let v(n) be the first derivative of 7*n**2 + 25*n + 11. Is v(21) a prime number?
False
Suppose 90207 = 5*g + 2*l, -g + 8*l + 18043 = 10*l. Is g prime?
True
Let l(s) = -18*s**3 - 2*s**2 - 65*s + 41. Is l(-12) prime?
False
Let s = 25497 + 56801. Is s composite?
True
Suppose c = -2*c + 21. Let u(w) = -3*w**2 + w**3 - c - 10 + 11 + 6*w. Is u(5) prime?
False
Let f(n) = 31*n + 3. Let c be 0/2*(-3 - -2). Let p = 2 + c. Is f(p) prime?
False
Let p be (-6)/(-3) - (-4)/(2 + 0). Suppose -p*o - o = -14215. Is o composite?
False
Suppose -7*s + 5405 = -26004. Is s a composite number?
True
Suppose 5*q = -5*k + 44450, 9*k + 17777 = 2*q + 12*k. Is q prime?
True
Let g = 533 - -17. Let z = g - 354. Suppose -8*q + z = -4*q. Is q prime?
False
Let a = -53963 - -108950. Is a a composite number?
True
Suppose 3*s = 3*l, -2*l + 3*s - 1 = -0*s. Let p be (80 + (-2 - l))*2. Let t = p - -33. Is t a prime number?
False
Suppose 43625 - 11713 = 8*p. Is p a composite number?
False
Let d(i) = 9*i**2 + 2*i + 14. Let o(w) = 4*w**2 + w + 7. Let u(v) = -3*d(v) + 7*o(v). Let y be 102/(-16) + 18/48. Is u(y) composite?
False
Let a(k) = -549*k + 80. Is a(-9) a prime number?
True
Let o = 130 - 126. Suppose 4 = -o*p, 33 - 146 = -d - 5*p. Is d composite?
True
Let g = 14 + -12. Suppose 3 = k + g. Is 2/k - -111 - 4 a prime number?
True
Let r be 10/(-25) + 106/(-10). Let y = -6 - r. Let s(v) = v**2 + 5*v + 3. Is s(y) a composite number?
False
Suppose 0 = -8*j - 6*j - 126. Is (-1140)/j - 2/(-6) composite?
False
Let c = -18 - -16. Is ((-670)/(-4))/((-1)/c) prime?
False
Let r(c) = 16*c**2 + c + 2. Suppose -3*h - s + 13 = 0, -5*s + 0 = -5*h - 5. Is r(h) composite?
False
Let d = 2 - 7. Let b(o) = -4*o**3 - 3*o**2 + 2*o - 6. Is b(d) prime?
True
Let r(n) = 43*n - 7. Let u(s) = -64*s + 11. Let g(h) = -7*r(h) - 5*u(h). Suppose x + 3*o + 2*o = 28, 0 = 4*x + 5*o - 37. Is g(x) composite?
True
Suppose 2*h - 1008 = -2*g, -3*h - h + 2007 = -5*g. Suppose 3*v + n = h + 214, 0 = -5*n. Suppose -2*d = -3*o - v, 0 = -2*d + 2*o + 92 + 152. Is d a prime number?
True
Let l(m) = -320*m**3 + m**2 - 2*m - 1. Let t be l(-1). Let w = 199 + t. Is w composite?
False
Let l(b) = 75*b**3 + 15*b**2 - 40*b - 7. Is l(6) compos